{"id":136,"date":"2017-03-22T16:35:03","date_gmt":"2017-03-22T16:35:03","guid":{"rendered":"http:\/\/localhost\/devcode\/?page_id=136"},"modified":"2017-11-22T10:16:31","modified_gmt":"2017-11-22T10:16:31","slug":"sobre-mi","status":"publish","type":"page","link":"https:\/\/juntosporelcoche.com\/index.php\/sobre-mi\/","title":{"rendered":"Sobre Mi"},"content":{"rendered":"<p><img loading=\"lazy\" decoding=\"async\" class=\"alignleft wp-image-366 size-medium\" src=\"http:\/\/juntosporelcoche.com\/wp-content\/uploads\/2017\/03\/2017-06-16-17.58.58-e1500546565230-225x300.jpg\" alt=\"\" width=\"225\" height=\"300\" srcset=\"https:\/\/juntosporelcoche.com\/wp-content\/uploads\/2017\/03\/2017-06-16-17.58.58-e1500546565230-225x300.jpg 225w, https:\/\/juntosporelcoche.com\/wp-content\/uploads\/2017\/03\/2017-06-16-17.58.58-e1500546565230-768x1024.jpg 768w, https:\/\/juntosporelcoche.com\/wp-content\/uploads\/2017\/03\/2017-06-16-17.58.58-e1500546565230.jpg 1944w\" sizes=\"auto, (max-width: 225px) 100vw, 225px\" \/>Nacido en Murcia hace algunos a\u00f1os, licenciado en Ciencias del Trabajo, diplomado en Relaciones Laborales y postgrado en Derecho del Trabajo y Seguridad Social es parte de mi formaci\u00f3n acad\u00e9mica. Apasionado y entusiasta de los coches desde muy ni\u00f1o, con muchas horas dedicadas a la que es mi gran afici\u00f3n<\/p>\n<p>Intento hacer pruebas y an\u00e1lisis de coches para que sean entendibles por tod@s evitando saturar con aburridos y para la gran mayor\u00eda poco entendibles datos t\u00e9cnicos. Se trata de explicar lo que me transmite cada coche y la usabilidad que puede tener en el d\u00eda a d\u00eda analizando sus diferentes elementos y prestaciones. Un an\u00e1lisis desde un punto de vista totalmente diferente que pueda servir a la hora de elegir un coche para comprar, o simplemente para estar al d\u00eda de nuestra afici\u00f3n. Solo estando muy atento a toda la informaci\u00f3n se pueden dar opiniones con alg\u00fan fundamento.<\/p>\n<p>Si lo necesitas te puedo asesorar y dar mi opini\u00f3n sobre la compra de un veh\u00edculo de acuerdo con tus verdaderas necesidades en el amplio espectro de marcas y modelos, ahorr\u00e1ndote as\u00ed tiempo y en muchos casos decisiones err\u00f3neas. En el apartado \u00bfTE ACONSEJO? del blog puedes rellenar el formulario y te contesto lo antes posible de manera totalmente gratuita. Tambi\u00e9n disponible para Aut\u00f3nomos, Pymes y empresas en general.<\/p>\n<p>Aconsejo pero no influencio.<\/p>\n<p>Saludos a tod@s. Guillermo L\u00f3pez<\/p>\n<p>\u00a1Seguimos conectados!<\/p>\n","protected":false},"excerpt":{"rendered":"<p>Nacido en Murcia hace algunos a\u00f1os, licenciado en Ciencias del Trabajo, diplomado en Relaciones Laborales y postgrado en Derecho del Trabajo y Seguridad Social es parte de mi formaci\u00f3n acad\u00e9mica. Apasionado y entusiasta de los coches desde muy ni\u00f1o, con muchas horas dedicadas a la que es mi gran afici\u00f3n Intento hacer pruebas y an\u00e1lisis<a class=\"more-link\" href=\"https:\/\/juntosporelcoche.com\/index.php\/sobre-mi\/\">Seguir leyendo <span class=\"meta-nav\">&rarr;<\/span><\/a><\/p>\n","protected":false},"author":1,"featured_media":0,"parent":0,"menu_order":0,"comment_status":"closed","ping_status":"closed","template":"","meta":{"footnotes":""},"class_list":["post-136","page","type-page","status-publish","hentry"],"_links":{"self":[{"href":"https:\/\/juntosporelcoche.com\/index.php\/wp-json\/wp\/v2\/pages\/136","targetHints":{"allow":["GET"]}}],"collection":[{"href":"https:\/\/juntosporelcoche.com\/index.php\/wp-json\/wp\/v2\/pages"}],"about":[{"href":"https:\/\/juntosporelcoche.com\/index.php\/wp-json\/wp\/v2\/types\/page"}],"author":[{"embeddable":true,"href":"https:\/\/juntosporelcoche.com\/index.php\/wp-json\/wp\/v2\/users\/1"}],"replies":[{"embeddable":true,"href":"https:\/\/juntosporelcoche.com\/index.php\/wp-json\/wp\/v2\/comments?post=136"}],"version-history":[{"count":8,"href":"https:\/\/juntosporelcoche.com\/index.php\/wp-json\/wp\/v2\/pages\/136\/revisions"}],"predecessor-version":[{"id":483,"href":"https:\/\/juntosporelcoche.com\/index.php\/wp-json\/wp\/v2\/pages\/136\/revisions\/483"}],"wp:attachment":[{"href":"https:\/\/juntosporelcoche.com\/index.php\/wp-json\/wp\/v2\/media?parent=136"}],"curies":[{"name":"wp","href":"https:\/\/api.w.org\/{rel}","templated":true}]}}

<p><img loading="lazy" decoding="async" class="alignleft wp-image-366 size-medium" src="http://juntosporelcoche.com/wp-content/uploads/2017/03/2017-06-16-17.58.58-e1500546565230-225x300.jpg" alt="" width="225" height="300" srcset="https://juntosporelcoche.com/wp-content/uploads/2017/03/2017-06-16-17.58.58-e1500546565230-225x300.jpg 225w, https://juntosporelcoche.com/wp-content/uploads/2017/03/2017-06-16-17.58.58-e1500546565230-768x1024.jpg 768w, https://juntosporelcoche.com/wp-content/uploads/2017/03/2017-06-16-17.58.58-e1500546565230.jpg 1944w" sizes="auto, (max-width: 225px) 100vw, 225px" />Nacido en Murcia hace algunos años, licenciado en Ciencias del Trabajo, diplomado en Relaciones Laborales y postgrado en Derecho del Trabajo y Seguridad Social es parte de mi formación académica. Apasionado y entusiasta de los coches desde muy niño, con muchas horas dedicadas a la que es mi gran afición</p>
<p>Intento hacer pruebas y análisis de coches para que sean entendibles por tod@s evitando saturar con aburridos y para la gran mayoría poco entendibles datos técnicos. Se trata de explicar lo que me transmite cada coche y la usabilidad que puede tener en el día a día analizando sus diferentes elementos y prestaciones. Un análisis desde un punto de vista totalmente diferente que pueda servir a la hora de elegir un coche para comprar, o simplemente para estar al día de nuestra afición. Solo estando muy atento a toda la información se pueden dar opiniones con algún fundamento.</p>
<p>Si lo necesitas te puedo asesorar y dar mi opinión sobre la compra de un vehículo de acuerdo con tus verdaderas necesidades en el amplio espectro de marcas y modelos, ahorrándote así tiempo y en muchos casos decisiones erróneas. En el apartado ¿TE ACONSEJO? del blog puedes rellenar el formulario y te contesto lo antes posible de manera totalmente gratuita. También disponible para Autónomos, Pymes y empresas en general.</p>
<p>Aconsejo pero no influencio.</p>
<p>Saludos a tod@s. Guillermo López</p>
<p>¡Seguimos conectados!</p>

<p>Nacido en Murcia hace algunos años, licenciado en Ciencias del Trabajo, diplomado en Relaciones Laborales y postgrado en Derecho del Trabajo y Seguridad Social es parte de mi formación académica. Apasionado y entusiasta de los coches desde muy niño, con muchas horas dedicadas a la que es mi gran afición Intento hacer pruebas y análisis<a class="more-link" href="https://juntosporelcoche.com/index.php/sobre-mi/">Seguir leyendo <span class="meta-nav">&rarr;</span></a></p>
